5 = -29*k. Let t = 685 + k. What is the greatest common divisor of l and t?
34
Suppose -3*i - 13213 = -5*h, -85*h + 7887 = -82*h + 5*i. Calculate the highest common divisor of 728 and h.
91
Let z(l) = l**2 + 7*l. Let c be z(-9). Suppose -6*o = -4*o - 6. Suppose -o*q = -4*q + 9. Calculate the highest common factor of q and c.
9
Suppose 5*v + 477 = 3987. Suppose 8*o = -o + v. Calculate the greatest common factor of 546 and o.
78
Suppose 2*b + 8 = 0, v - 4*b - 2 = 21. Let n be 6 + -2 - v/(14/(-6)). Let p be (-160)/(-70) - 2/n. What is the greatest common divisor of p and 14?
2
Let v(t) = -19*t**2 - 2*t + 1. Let u be v(1). Let h = 37 + u. Let f = 41 - h. Calculate the greatest common divisor of f and 120.
24
Let c = -19438 + 19522. What is the highest common factor of c and 3756?
12
Let t be 16 + -983*(15 - 16). What is the greatest common factor of 629 and t?
37
Let f be 10*2/(-12)*(-9)/5. Suppose 4*p = 2*k - 196, -2*k + 106 = f*p - 83. Calculate the highest common divisor of k and 240.
48
Let b be 3 - (5/(-2))/(10/(-12)). Let u(w) = 20*w + 8. Let o be u(b). What is the highest common factor of 104 and o?
8
Let z be (8/32)/((-2)/(-48)). Suppose 3*n = -z*w + 2*w + 580, 4*n + w - 782 = 0. Calculate the greatest common factor of n and 84.
28
Let l be (1*(-21)/14*4)/(-1). Suppose 0 = 10*d - 11*d + 2*c + l, -4*d + 13 = 3*c. Calculate the greatest common divisor of d and 92.
4
Let f = -45 - -46. Suppose -2 = -183*q + 181*q. What is the highest common factor of f and q?
1
Let l be (-15 - 2)/((-1)/2). Let t = 1573 - 1064. Suppose 11*a = 52 + t. What is the greatest common factor of l and a?
17
Suppose 19 = v + 38*p - 41*p, 5*p - 27 = -v. Calculate the greatest common divisor of 1111 and v.
11
Suppose 0 = 2*h + 4*c + 2 - 0, -h + 7 = 4*c. Let q be 276/54 + 1*1/h. What is the highest common factor of 265 and q?
5
Let d be (3/3)/((-1)/(-2)). Let q be (-2)/((-7)/(-8379)*-2). Let r = -1171 + q. What is the greatest common factor of d and r?
2
Let h be 11/(198/14856) + (-17)/51. Calculate the greatest common factor of 1950 and h.
75
Suppose -1762*i = -1712*i - 73800. What is the highest common factor of i and 3116?
164
Let a = 203 + -193. Suppose 3*p = 3*h + 2*p - 10, -h + a = p. Suppose -2*l - 135 = -5*q, 3*q - 5*l = -2*q + 150. What is the greatest common divisor of h and q?
5
Let y = -29 - -13. Let n be ((-1)/(-4))/((4 - 18)/(-112)). Let x = n - y. What is the highest common divisor of 72 and x?
18
Let x(j) = 255*j + 375. Let v be x(10). Calculate the highest common factor of 1575 and v.
225
Suppose -15 = -4*g - 3. Let l be 27/(-15)*g/(-18)*10. What is the highest common factor of l and 12?
3
Let o = -140 + 261. What is the greatest common divisor of o and 187?
11
Let t = 1370 - 681. Let m = 1173 - t. What is the greatest common divisor of 11 and m?
11
Let m(h) = -h + 6. Let f be m(6). Let p be 11 + (1 - f - 1). Let q = -13189 - -13299. Calculate the greatest common factor of q and p.
11
Suppose 0 = -4*v + 90 + 114. Let x be (-3 - -2) + (-15 + 16 - (-510)/2). Calculate the highest common divisor of x and v.
51
Let p(y) = y**3 - 6*y**2 + 76*y + 13. Let a be p(14). Calculate the greatest common factor of 115 and a.
115
Let z = -14076 + 17451. What is the greatest common factor of 345 and z?
15
Let b be 90/27*(-45)/(-175)*35. Calculate the highest common factor of b and 505.
5
Let k(r) = 2*r**2 - 1700*r - 8505. Let g be k(-5). Let q(w) = -w + 4. Let u be q(4). Let d be u + (1*4 - -1). What is the highest common factor of d and g?
5
Let n = 5 + 4. Let c(g) = -g**3 + 7*g**2 + 6*g - 15. Let q be c(n). Let v = -67 - q. What is the greatest common divisor of 84 and v?
28
Let y(k) = -5*k. Let s be y(17). Let f = 97 + s. Let l be 1/4 + 309/f + 0. What is the highest common divisor of l and 182?
26
Let h = 8117 + -7327. What is the greatest common factor of 15 and h?
5
Suppose -z = 5*r - 1, -r + 29 = 4*z - 6*r. Let i be z + (78 - 4/(-4)). Calculate the greatest common factor of i and 68.
17
Let c(w) = w**3 - 7*w**2 + 10. Let o be c(7). Let d(r) = 34*r**2 - 26*r + 2. Let p be d(3). Calculate the highest common divisor of p and o.
10
Suppose -7*o + 20*o - 2522 = 0. Let s(r) = 108 - o + 109 + 3*r. Let q be s(-6). Calculate the greatest common factor of q and 65.
5
Let w = 43 + -40. Suppose -w*v = 2*z + 71 - 335, 0 = -z + 2*v + 146. Let o = z + -54. Calculate the highest common factor of o and 56.
28
Suppose 32*s - 637 - 480 = 963. Calculate the highest common divisor of 290 and s.
5
Suppose z = -3*p + 18, -5*z + 6*z + p - 24 = 0. Let v be (13 - -5 - 261)/(-1). What is the highest common factor of z and v?
27
Let b(p) = 78*p + 2246. Let y be b(-23). What is the greatest common factor of y and 791?
113
Suppose v + 2*k - 28 = 6*k, k + 235 = 5*v. Let h be 2/(-2)*1 - -4. Calculate the greatest common factor of h and v.
3
Let u(h) = -88*h - 68. Let x be u(-3). Let q be 14/8 + (-16)/(-64) + 2. What is the greatest common divisor of q and x?
4
Suppose -2088 = -32*a - 104. Calculate the greatest common factor of a and 2914.
62
Suppose -5*l + 84088 = 4*m, -9*l - m = -13*l + 67241. Calculate the highest common divisor of l and 36.
36
Suppose -2*b + 923 = 293. Suppose -630 - b = -7*m. Let p be (-5 - -2) + (m - -2 - 2). Calculate the highest common factor of p and 12.
12
Let r be (-3 - 3/(-3))/(2/44). Let z be (25/((-1925)/r))/(2/322). What is the greatest common divisor of 1012 and z?
92
Suppose 2616*x + 1925 = 2637*x - 1414. Calculate the greatest common divisor of x and 21200.
53
Let t(o) = -5*o + 10. Let c be t(1). Let v be 5/(2/12 + (-76)/600). What is the highest common divisor of v and c?
5
Let k(v) = 8*v**2 - 3*v + 2. Suppose 54*t - 5*m + 31 = 56*t, -3*t - 6 = -3*m. Let z be k(t). Calculate the highest common factor of 91 and z.
13
Suppose 0 = 2*j - 4*j + 28. Suppose 4*s - 265 = 269*x - 264*x, -2*s + 146 = 2*x. What is the greatest common factor of j and s?
14
Let u = -16 - -20. Suppose 2*c = 3*g + 2*g - 535, 3*g = -u*c + 295. What is the highest common divisor of 140 and g?
35
Let s be (((-2)/3)/(-2))/((-507)/(-581022)). What is the greatest common factor of 8 and s?
2
Let k = 17851 + -17835. Let x be (-26)/(-6) + 1/(-3). What is the highest common divisor of x and k?
4
Suppose 0 = -2*i + 3*t + 45, -5*i + 3*t = -113 + 14. What is the highest common factor of 136 and i?
2
Suppose 71*d = -59*d - 8*d + 20010. What is the highest common divisor of d and 261?
29
Let o = -31 + 114. Let m = o + -91. Let s be (-9)/4*5/(10/m). Calculate the greatest common factor of 99 and s.
9
Suppose 2*x - 6*x + 5 = w, -3*w = -x + 11. Suppose -2 = -6*p + 4*p, x*u + 5*p + 145 = 0. Let g = 85 + u. Calculate the greatest common factor of 10 and g.
10
Suppose 2*x = z - 3*z + 24, x - 5*z = -6. Let a be (2299/(-33))/((-3)/x). Calculate the greatest common factor of 22 and a.
11
Suppose 3*r - 395 = -2*r. Let x = 191 - r. Suppose 97 - 29 = 4*y - 3*b, -5*y = 3*b - x. Calculate the highest common factor of y and 50.
10
Let l(p) = -3*p**3 - 8*p**2 + p - 1. Let c be l(-4). What is the greatest common factor of c and 4189?
59
Suppose 113 = 8*m - 6*m + j, 5*j = 15. Let y be (85/(-136))/(3/(-24)). Calculate the highest common factor of y and m.
5
Let u be (2115 - -5)/4 - -3. Let s = -403 + u. What is the greatest common factor of 104 and s?
26
Let x be (-11 - -11)*1/(-2). Let g(f) = -f**3 - 2*f**2 + 5*f + 96. Let k be g(x). What is the greatest common divisor of k and 12?
12
Suppose 0*o + 70 = -3*o - 2*l, 0 = -3*o + 4*l - 94. Let y be (-18792)/(-468) - (-4)/o. Calculate the greatest common factor of y and 280.
40
Suppose -3*d - 135 + 156 = 0. Let v be d*((-225)/(-63) + 5). Let o(t) = -t**3 + t**2 + 40. Let y be o(0). Calculate the highest common divisor of y and v.
20
Let k be 1095 + 2 - (19 + 13 + -24). What is the greatest common divisor of 27 and k?
9
Suppose -i - 5*c + 270 = 0, 4*i - 774 - 262 = 2*c. Let y be (6 + 1 + 5)*2/(-4). Let w be (y - (-17)/3)*-60. Calculate the greatest common divisor of w and i.
20
Let s be (92 - 64) + 0 + 5. What is the highest common factor of s and 4587?
33
Suppose 3*s = -21, 0 = 178*a - 181*a + 5*s + 407. What is the highest common divisor of 14632 and a?
124
Let r = -68 + 79. Suppose 0 = -l + 2, h - 3*l + l = -r. Let x(n) = -8*n - 28. Let w be x(h). Calculate the highest co